
What is the remainder when 77356 is divided by 1404?
136
What is the remainder when 30131757 is divided by 1947?
1932
Calculate the remainder when 273774 is divided by 85.
74
What is the remainder when 256966 is divided by 256935?
31
Calculate the remainder when 233157 is divided by 233000.
157
What is the remainder when 1977918 is divided by 240?
78
What is the remainder when 108480 is divided by 54150?
180
Calculate the remainder when 2910071 is divided by 1557.
38
What is the remainder when 1801444 is divided by 300240?
4
What is the remainder when 4323267 is divided by 2161502?
263
What is the remainder when 1395187 is divided by 11?
2
Calculate the remainder when 849223 is divided by 2223.
37
Calculate the remainder when 1139394 is divided by 354.
222
Calculate the remainder when 2171959 is divided by 1874.
1867
Calculate the remainder when 128081174 is divided by 132.
122
What is the remainder when 2544671 is divided by 1272334?
3
Calculate the remainder when 5394304 is divided by 1088.
0
Calculate the remainder when 475747 is divided by 4243.
531
What is the remainder when 221551 is divided by 205?
151
Calculate the remainder when 3715944 is divided by 44.
12
What is the remainder when 220244 is divided by 27511?
156
What is the remainder when 3617 is divided by 1594?
429
Calculate the remainder when 411723647 is divided by 651.
650
Calculate the remainder when 877280 is divided by 174.
146
Calculate the remainder when 9443811 is divided by 3149.
3109
Calculate the remainder when 27234342 is divided by 847.
751
Calculate the remainder when 996904 is divided by 816.
568
Calculate the remainder when 14867782 is divided by 3716928.
70
Calculate the remainder when 9917189 is divided by 2182.
2181
What is the remainder when 13298921 is divided by 138?
137
What is the remainder when 4331505 is divided by 275?
255
What is the remainder when 828650 is divided by 623?
60
What is the remainder when 9058626 is divided by 1811724?
6
Calculate the remainder when 19800131 is divided by 655.
136
What is the remainder when 50809667 is divided by 49?
48
What is the remainder when 919292 is divided by 446?
86
Calculate the remainder when 13683411 is divided by 2136.
195
Calculate the remainder when 55292 is divided by 27501.
290
Calculate the remainder when 1995837 is divided by 10616.
29
What is the remainder when 15008301 is divided by 1487?
10
Calculate the remainder when 51986860 is divided by 352.
332
Calculate the remainder when 54512 is divided by 1420.
552
Calculate the remainder when 1530755 is divided by 22184.
59
What is the remainder when 198384 is divided by 465?
294
What is the remainder when 373430973 is divided by 1797?
1794
What is the remainder when 2129912 is divided by 39442?
44
Calculate the remainder when 22583401 is divided by 317.
4
What is the remainder when 455580589 is divided by 8266?
8265
What is the remainder when 204649 is divided by 417?
319
Calculate the remainder when 53673127 is divided by 85877.
2
Calculate the remainder when 25906831 is divided by 25906805.
26
Calculate the remainder when 40488 is divided by 19946.
596
What is the remainder when 3472045 is divided by 182722?
327
What is the remainder when 421327 is divided by 4533?
4291
What is the remainder when 25980 is divided by 3248?
3244
What is the remainder when 2056138 is divided by 4422?
4330
Calculate the remainder when 112219411 is divided by 77.
73
What is the remainder when 735837 is divided by 224?
221
What is the remainder when 2210885241 is divided by 18?
15
What is the remainder when 3614594 is divided by 1554?
1544
Calculate the remainder when 104082 is divided by 11547.
159
What is the remainder when 353605 is divided by 943?
923
What is the remainder when 3191189 is divided by 1436?
397
Calculate the remainder when 210925759 is divided by 165.
154
Calculate the remainder when 494758 is divided by 22486.
66
What is the remainder when 513564 is divided by 2070?
204
Calculate the remainder when 3708555 is divided by 16934.
9
Calculate the remainder when 16477530 is divided by 433619.
8
Calculate the remainder when 1268115 is divided by 115027.
2818
What is the remainder when 881200 is divided by 378?
82
Calculate the remainder when 701215 is divided by 15541.
1870
What is the remainder when 18228522 is divided by 3645702?
12
What is the remainder when 1927218 is divided by 481680?
498
What is the remainder when 32975592 is divided by 44?
12
What is the remainder when 14908687 is divided by 480925?
12
Calculate the remainder when 57170 is divided by 11418.
80
What is the remainder when 20278 is divided by 1198?
1110
What is the remainder when 2294294 is divided by 1147073?
148
What is the remainder when 554147 is divided by 92340?
107
Calculate the remainder when 39467849 is divided by 3827.
3825
Calculate the remainder when 2039435 is divided by 185.
180
Calculate the remainder when 46310 is divided by 96.
38
Calculate the remainder when 13781320 is divided by 32.
8
What is the remainder when 511712 is divided by 350?
12
Calculate the remainder when 70699331 is divided by 803.
802
What is the remainder when 19893471 is divided by 7?
3
What is the remainder when 25870599 is divided by 170?
169
What is the remainder when 12282431 is divided by 99?
95
What is the remainder when 1278498 is divided by 1473?
1407
What is the remainder when 1673872229 is divided by 15?
14
Calculate the remainder when 6758 is divided by 373.
44
Calculate the remainder when 97471227 is divided by 3.
0
Calculate the remainder when 4572991 is divided by 40.
31
What is the remainder when 114901340 is divided by 38300442?
14
What is the remainder when 12893528 is divided by 264?
32
Calculate the remainder when 1536031 is divided by 891.
838
What is the remainder when 151625897 is divided by 4594724?
5
What is the remainder when 175322 is divided by 1524?
62
Calculate the remainder when 689702 is divided by 229891.
29
What is the remainder when 135765 is divided by 405?
90
What is the remainder when 5346791 is divided by 6971?
34
Calculate the remainder when 280087 is divided by 446.
445
What is the remainder when 6425552 is divided by 1167?
50
Calculate the remainder when 10646058 is divided by 2711.
2672
Calculate the remainder when 15019920 is divided by 417.
414
What is the remainder when 7028521 is divided by 878560?
41
What is the remainder when 790813 is divided by 1133?
1112
What is the remainder when 24971 is divided by 12471?
29
What is the remainder when 45280 is divided by 7532?
88
Calculate the remainder when 1914887 is divided by 335.
27
What is the remainder when 7235118 is divided by 3617554?
10
What is the remainder when 11411097 is divided by 1227?
1224
Calculate the remainder when 200718 is divided by 1402.
232
What is the remainder when 43225 is divided by 9255?
6205
What is the remainder when 61045 is divided by 1456?
1349
Calculate the remainder when 1207 is divided by 261.
163
Calculate the remainder when 10879181 is divided by 452.
445
What is the remainder when 75188970 is divided by 677?
673
What is the remainder when 4228487 is divided by 1409488?
23
Calculate the remainder when 183769 is divided by 61251.
16
What is the remainder when 6943228 is divided by 3605?
3603
What is the remainder when 15164455 is divided by 350?
5
Calculate the remainder when 22885 is divided by 1937.
1578
What is the remainder when 3772 is divided by 1820?
132
Calculate the remainder when 10733 is divided by 3537.
122
Calculate the remainder when 389661 is divided by 176.
173
What is the remainder when 3699522 is divided by 3416?
3410
What is the remainder when 630644 is divided by 36?
32
Calculate the remainder when 3654418 is divided by 33219.
328
What is the remainder when 1784226 is divided by 892098?
30
What is the remainder when 868168 is divided by 41?
34
Calculate the remainder when 33418812 is divided by 180.
12
What is the remainder when 659980 is divided by 212?
24
What is the remainder when 7058992 is divided by 522?
508
What is the remainder when 817002 is divided by 13612?
282
What is the remainder when 801938 is divided by 4334?
148
What is the remainder when 39672 is divided by 6618?
6582
What is the remainder when 81594244 is divided by 9340?
4
Calculate